 Calculate the remainder when 34 is divided by b/8*(-24)/10.
16
Let w(n) = 14*n - 66. Calculate the remainder when 213 is divided by w(6).
15
Suppose 4*q = 4, 3*q - 5 = -u - q. Let j(l) = 65*l - 3. What is the remainder when j(u) is divided by 22?
18
Let j = 489 - -9. Suppose -j = -13*i - 147. What is the remainder when 51 is divided by i?
24
Let o = 10 + -2. Suppose 4*h - 2*y - 185 = -h, -5*h + 4*y + 185 = 0. Let a = 67 - h. Calculate the remainder when a is divided by o.
6
Let o(s) = s**3 + 4*s**2 + 3*s + 19. Let q = -21 - 7. Let m = q + 102. Calculate the remainder when m is divided by o(0).
17
Calculate the remainder when 403 is divided by (102/15)/((-9)/(-90)).
63
Suppose 16*h - 30 - 2 = 0. What is the remainder when (10/3)/(-5)*-3 is divided by h?
0
Let q = -43 + 46. Suppose p + 2*b - 1 - 8 = 0, 91 = 4*p - q*b. What is the remainder when 73 is divided by p?
16
Let j(d) = -d**3 + 15*d**2 + 17*d - 5. Let t = -199 + 207. Calculate the remainder when j(16) is divided by t.
3
Suppose 63 = 5*d + 4*t - t, 0 = -3*t - 12. Calculate the remainder when 40 is divided by d.
10
Suppose 11 = g + 2*x + 2*x, -2*x - 2 = 0. Suppose -4*q = -g - 21. Calculate the remainder when (q/(-6))/(3/(-58)) is divided by 10.
9
Suppose 650 = 3*s - q, 2*q - 362 - 74 = -2*s. Let z = s - 168. Calculate the remainder when z is divided by 13.
10
Suppose 6*s - 4*s - 22 = 0. Let u be (-5)/(s/(-2) - -3). Suppose -10 = -u*n, -h - 2*n + 4*n = -68. What is the remainder when h is divided by 20?
18
Suppose -4*s = -0 - 112. What is the remainder when 81 is divided by s?
25
What is the remainder when 637 is divided by (-2)/((-468)/65 + 7)?
7
Suppose 0*h + 3*h - t = 9, 0 = -4*h + 3*t + 17. Calculate the remainder when h/7 + (-3120)/(-105) is divided by 8.
6
Suppose 2*i + o + 2*o = -52, -90 = 4*i - o. Calculate the remainder when (i/46)/((-1)/106) is divided by 14.
11
Let f = 1502 + -1487. What is the remainder when 398 is divided by f?
8
Suppose -10 = -146*x + 141*x. Calculate the remainder when 14 is divided by x.
0
Let u = -16 + 29. Calculate the remainder when ((-32)/8)/4 - -49 is divided by u.
9
Let l = 244 + -183. What is the remainder when l is divided by 16?
13
Let n(i) = 2*i**3 + 1. Let j be n(2). Suppose 2*q = 103 + j. Let u = -40 + q. Calculate the remainder when 59 is divided by u.
19
Let b(f) = 24*f - 7 - 11*f - 8*f. Calculate the remainder when 52 is divided by b(5).
16
Suppose -3*c + 0 = -51. Suppose -5*v = 3*f - v - 287, 5*f - 513 = 2*v. What is the remainder when f is divided by c?
16
Suppose 0 = -7*z + 3*z + 144. Let b(d) = 2*d**3 - 24*d**2 + 92*d + 21. Calculate the remainder when b(7) is divided by z.
31
Let f(g) = g**2 - 7*g. Suppose a = -4*a + 35. Let b be f(a). Suppose b - 27 = -3*v - 4*y, -3*y = 3*v - 30. Calculate the remainder when 38 is divided by v.
12
Suppose 108 = 4*o - 4*z, -4*z + 0*z = -4. Calculate the remainder when 36 is divided by o.
8
Let f(y) = 6*y + 170. What is the remainder when 30 is divided by f(-27)?
6
Suppose 5*x - 228 = b, 3*x + 3*b + 58 = 184. Let c(l) = -l**3 + 29*l**2 - 25*l + 48. Calculate the remainder when c(28) is divided by x.
42
Let q = 11 - -2. Calculate the remainder when q is divided by -11*(-6)/11 - 0/1.
1
Let g(x) = -x**2 + 2*x + 5. Let j be g(5). Let n(h) = 2*h - 11 - h - 7*h. Calculate the remainder when n(j) is divided by 10.
9
Suppose -w - 18 = 5*k, 2*k - 35 = 4*w + 59. Let b = w - -46. What is the remainder when 43 is divided by b?
20
Let t = 431 - 118. Suppose -335 - t = -12*a. What is the remainder when a is divided by 29?
25
Let g(h) = h**3 - 7*h**2 - 7*h + 5. Let p = -28 - -53. What is the remainder when p is divided by g(8)?
12
Let c = 570 - 360. Suppose -3*k - 2*k = -c. Calculate the remainder when k is divided by 26/(-91)*1540/(-40).
9
Suppose -22*s - 4*s = 234. Suppose 19 = 2*o - 1. Let a = o + s. What is the remainder when 4 is divided by a?
0
Let u = 2382 - 1959. What is the remainder when u is divided by 25?
23
Let w = 342 + -340. What is the remainder when 7 is divided by w?
1
Suppose -3*q = -9, -13*t + 4*q = -9*t - 816. What is the remainder when t is divided by 6?
3
Suppose -2*v - 3 - 114 = -3*h, 0 = -h + v + 39. Suppose -355 - 181 = 8*w. Let k = 87 + w. Calculate the remainder when h is divided by k.
19
Suppose 0 = -v + 4*v - 216. Suppose 3*k - 2*k - 6 = 0. Suppose 144 = k*b - 6. What is the remainder when v is divided by b?
22
Suppose 178*k - 173*k - 470 = 0. Calculate the remainder when k is divided by 4.
2
Calculate the remainder when 133 is divided by 22 + -7*(-8)/(2 - -6).
17
Suppose 10 = -202*t + 207*t. What is the remainder when 194 is divided by t?
0
Suppose 5*g = -4*v - 36, 0*v - 68 = 4*v - 3*g. Let z = v - -28. Calculate the remainder when -3*(-1)/(-15) - (-2466)/30 is divided by z.
12
Let n = -29 + 48. Suppose 2*s + 0*t + 4 = -4*t, -4*t - 4 = 0. Suppose -x + 2 = -5*w + 33, s = -3*w - x + 25. Calculate the remainder when n is divided by w.
5
Calculate the remainder when 375 is divided by (103 - 6) + -9 + 10.
81
Let i = 66 - 94. Let o = 36 + i. What is the remainder when 22 is divided by o?
6
Let i = 383 - -60. Suppose -10*g + 197 = -i. What is the remainder when g is divided by 10?
4
Suppose -5*r - 960 = -2*v - 3*v, -765 = -4*v + 5*r. What is the remainder when v is divided by 49?
48
Let z = -286 - -423. Suppose 5*k + 3*q - 113 = -q, -5*k + 4*q = -z. Let v = k + -14. What is the remainder when 42 is divided by v?
9
Let q be 17/34*4/1. Suppose -q*p - 110 = -3*u, -5*u + 195 = 2*p - 3*p. Calculate the remainder when u is divided by 22.
18
Suppose -4*w = 6*g - 10*g - 116, 4*w = -2*g + 122. Let o(c) = c**3 + 6*c**2 + 3*c - 4. Calculate the remainder when w is divided by o(-4).
14
Let u(j) = -3*j - 5. Calculate the remainder when (-51 + 54)/((-3)/(-18)) is divided by u(-5).
8
Let j be 4/(1 + (-3)/6). Let s = j - -15. Let m(y) = -3*y + 126. What is the remainder when m(12) is divided by s?
21
Let i(k) = -k**2 + k. Let j(o) = 3*o**2 + 8*o + 4. Let m(x) = -2*i(x) - j(x). What is the remainder when 29 + (-24)/(-6) + -1 is divided by m(-7)?
15
Let c be (-1)/(-4 - (-1548)/388). Suppose -c = -4*d + 7. Calculate the remainder when 136/6*(-45)/(-10) is divided by d.
24
Suppose 5*w - 30 = 2*w. Calculate the remainder when (47/(-2))/(12/(-24)) is divided by w.
7
Suppose 4*a - 12 - 216 = 0. Let p be 172/10 + 4/(-20). Let u = 32 - p. Calculate the remainder when a is divided by u.
12
Suppose 21*j + 100 = 25*j. Calculate the remainder when 372 is divided by j.
22
Suppose -12*v + 13*v - 14 = 0. What is the remainder when (-554)/(-8) + 3/(-12) is divided by v?
13
Suppose 3*t - r = 6*t - 15, -r - 15 = -2*t. Suppose 180 = -q + t*q. Let z = 38 + -19. Calculate the remainder when q is divided by z.
17
Let f = -17 - -59. Calculate the remainder when ((f/(-9))/7)/(2/(-51)) is divided by ((-3)/(-6))/((-1)/(-18)).
8
Let j(l) = -9*l + 1. Suppose 0 = 4*q - 2*x - 40 - 238, -q - x = -65. Suppose g = -3*g + q. Calculate the remainder when g is divided by j(-1).
7
Let h = 34 + -50. What is the remainder when 54 is divided by (-45)/(-6) - -2*4/h?
5
Let w = 263 - 245. Calculate the remainder when 430 is divided by w.
16
Let i = -3 - -8. Suppose 0 = g - 4*r - i - 60, 53 = g + 2*r. Suppose 6*h + 2*h = 120. What is the remainder when g is divided by h?
12
Let m be ((21/(-3))/(-7))/(1/2). Suppose -m*y = y - 867. Calculate the remainder when y is divided by 10.
9
Suppose 2*w - 20 = 8*h - 12*h, 3*h - 64 = -5*w. Let c = -1 - -1. Suppose 3*m - 117 = -c*m. What is the remainder when m is divided by w?
11
Let l = 269 - 210. What is the remainder when 233 is divided by l?
56
Suppose 0 = s + 3*c + 8, -4*c - 3 - 5 = 2*s. Suppose -4*j + 112 = -s*f, -5*j + 2*f = 5*f - 108. Calculate the remainder when 95 is divided by j.
23
Let k be 0/(6/9*3). Suppose -5*g + k*g = 170. Let i = 49 + g. Calculate the remainder when i is divided by 8.
7
Suppose -6 + 1 = -5*x, 5*x = -h + 45. Calculate the remainder when 116 is divided by h.
36
Let t(c) = -5*c**2 - 27*c - 6. What is the remainder when 33 is divided by t(-4)?
11
Let o(i) = -i**2 + 9*i - 5. Let y be o(6). Let r = 13 - y. Suppose -p - 4*p + 20 = r. Calculate the remainder when p is divided by 3.
1
Calculate the remainder when 211 is divided by (180/(-108))/((-2)/66)*1.
46
Suppose -536*z + 544*z - 296 =